 h(155).
472
Let q(d) = -d**3 + 61*d**2 - 1896*d + 14182. What is q(10)?
322
Let g(p) = -55*p**2 + 4536*p - 83900. Calculate g(28).
-12
Let g(m) = -15*m**3 - 45*m**2 + 569*m + 157. Give g(5).
2
Let m(b) = 3373*b + 441633. Calculate m(-131).
-230
Let c(t) = 1097232*t - 39500349. Determine c(36).
3
Let i(a) = a**3 - 1633*a + 1570. Determine i(40).
250
Let x(a) = 31062*a - 301. Give x(0).
-301
Let j(k) = 3*k + 640. What is j(-266)?
-158
Let t(u) = -7*u**2 + 1961*u + 292911. Determine t(388).
-29
Let t(w) = -w**3 + 23*w**2 + 70*w + 412. Determine t(27).
-614
Let q(z) = 3*z**3 - 42*z**2 + 4003*z - 47167. Calculate q(12).
5
Let o(l) = l**2 + 74360*l - 520576. Calculate o(7).
-7
Let y(d) = 6403*d**2 - 2196231*d + 691. Calculate y(343).
5
Let y(i) = -4*i**2 - 11658*i - 208551. Calculate y(-18).
-3
Let w(z) = 10348*z - 10189. Determine w(1).
159
Let b(m) = -m**2 - 116*m + 2632. Calculate b(28).
-1400
Let o(g) = -66297*g - 397898. Determine o(-6).
-116
Let v(z) = -3003*z - 26983. Give v(-9).
44
Let f(t) = 6*t**3 + 7*t**2 - 508*t + 82. Calculate f(-10).
-138
Let i(v) = 259*v**3 + 8804*v**2 - 35*v + 1120. Calculate i(-34).
-2
Let b(w) = w**2 + 1214*w + 116491. What is b(-105)?
46
Let n(w) = 97*w**2 + 80*w + 122. What is n(-5)?
2147
Let u(t) = 126042*t - 252126. What is u(2)?
-42
Let z(q) = 3*q**2 + 1587*q + 68076. Determine z(-482).
114
Let j(p) = -4*p**2 - 313*p - 3962. Give j(-64).
-314
Let b(j) = 6*j**3 - 965*j**2 + 22*j - 29548. What is b(161)?
-85
Let x(i) = -1341*i**2 + 701*i - 699. Give x(1).
-1339
Let p(d) = 34*d**3 + 4*d**2 + 77*d - 360. Calculate p(3).
825
Let j(a) = -304152*a + 1216612. What is j(4)?
4
Let g(k) = -6809*k**3 - 85*k**2 - 82*k + 2. Calculate g(-1).
6808
Let p(w) = w**3 - 48*w**2 - 181*w + 11284. Give p(47).
568
Let g(n) = -4*n**3 - 273*n**2 + 1727*n + 6. Determine g(7).
-2654
Let q(o) = -1068*o - 12584. What is q(-12)?
232
Let g(l) = l**3 + 15*l**2 + 12*l - 366. Give g(-11).
-14
Let o(p) = 4*p**3 + 56*p**2 + 216*p - 121. Give o(-10).
-681
Let i(g) = g**3 - 56*g**2 + 270*g - 59. Give i(51).
706
Let j(a) = a**3 + 142*a**2 - 13*a - 429. Calculate j(-142).
1417
Let o(n) = -n**3 - 16*n**2 + 182*n + 3346. What is o(-21)?
1729
Let w(d) = 5383*d - 48568. What is w(9)?
-121
Let k(n) = 4*n**3 + 80*n**2 - 228*n - 4764. Calculate k(-20).
-204
Let y(u) = 3*u**2 - 20500*u + 61497. What is y(3)?
24
Let b(c) = -6*c**2 - 217*c + 895. Give b(4).
-69
Let q(b) = -32*b**2 + 910*b - 283. Calculate q(30).
-1783
Let g(q) = -278*q + 4737. Calculate g(16).
289
Let n(c) = 5*c + 1273. Give n(-19).
1178
Let w(t) = 5*t**3 + 4606*t**2 + 936*t + 13809. What is w(-921)?
-6
Let t(h) = -21548*h - 14049292. Give t(-652).
4
Let j(y) = 1213*y - 8357. Determine j(7).
134
Let m(o) = -7*o**2 + 4216*o - 45527. Give m(11).
2
Let r(g) = -28*g**2 + 11361*g + 126. What is r(406)?
-2716
Let y(d) = -115*d**2 + 6432*d + 477. Calculate y(56).
29
Let k(m) = 2025*m**2 - 28353*m + 57. Determine k(14).
15
Let k(d) = d**3 + 176*d**2 + 364*d + 3042. What is k(-174)?
258
Let f(s) = -1752*s + 13334. What is f(7)?
1070
Let n(c) = -5114*c + 15416. Give n(3).
74
Let k(u) = -3240*u - 38592. Determine k(-12).
288
Let f(v) = v**3 - 165*v**2 - 1175*v + 41. Determine f(-7).
-162
Let l(y) = -2*y**2 - 1705*y - 205362. Calculate l(-145).
-187
Let t(x) = -2*x**2 - 57*x - 336. Determine t(-7).
-35
Let b(c) = -12*c**2 + 988*c - 2596. Calculate b(80).
-356
Let o(q) = -4*q**2 + 502*q + 10425. Calculate o(-18).
93
Let q(j) = 2*j**2 + 17550*j + 157833. Give q(-9).
45
Let o(y) = 438068*y - 1752307. Calculate o(4).
-35
Let q(d) = -d**3 - 67*d**2 - 539*d + 1753. Determine q(-57).
-14
Let c(i) = -60*i + 6535. What is c(106)?
175
Let p(h) = 14*h**3 + 3*h**2 + 50*h + 151. Calculate p(-3).
-350
Let t(y) = 44*y**2 + 787*y - 1053. Determine t(-19).
-122
Let t(u) = -9*u**3 - 2436*u**2 + 897*u + 22774. Give t(-271).
10
Let k(v) = 2930*v + 29546. Determine k(-10).
246
Let m(n) = 2*n**3 - 1466*n**2 - 20930*n - 186. Determine m(-14).
10
Let v(g) = -9*g**2 + 640*g + 639. What is v(-1)?
-10
Let f(i) = -i**3 - 145*i**2 + 6331*i - 1080. What is f(35)?
5
Let b(w) = -w**3 - 8*w**2 + 242368*w + 2423471. Calculate b(-10).
-9
Let l(n) = 310*n**2 - 983*n + 68. Determine l(5).
2903
Let w(s) = s**3 - 20*s**2 - 149*s + 2582. Calculate w(21).
-106
Let i(a) = -4424*a - 52998. Calculate i(-12).
90
Let z(x) = -5*x**2 - 551*x + 876. Give z(-114).
-1290
Let h(x) = -3*x**3 + 333*x**2 - 8438*x + 1057. What is h(72)?
49
Let r(h) = h**3 + 516*h**2 + 911*h - 59988. Give r(-514).
150
Let j(a) = a**3 - 98*a**2 + 232*a + 13572. What is j(94)?
36
Let j(t) = 723*t + 2774. What is j(-4)?
-118
Let s(t) = 2316*t - 30046. Determine s(13).
62
Let q(h) = -2119*h - 572123. What is q(-270)?
7
Let u(v) = -v**3 + 15*v**2 + 44*v - 359. Calculate u(4).
-7
Let g(p) = 3997*p - 507603. Determine g(127).
16
Let s(f) = 5*f**2 - 33*f - 2678. What is s(27)?
76
Let g(y) = 245072*y - 490138. Calculate g(2).
6
Let x(o) = 1474*o + 14833. Calculate x(-10).
93
Let m(v) = 3*v**3 + 37*v**2 + 76*v - 257. Give m(-8).
-33
Let k(a) = a**3 + 43*a**2 - 138*a - 5943. What is k(-43)?
-9
Let y(w) = -124*w**3 + 2*w**2 - 105638*w + 105637. What is y(1)?
-123
Let a(f) = 70*f + 1221. Calculate a(-25).
-529
Let n(s) = s**3 - 5*s**2 - 1462*s - 573. Give n(41).
1
Let x(d) = 1393*d - 4009. What is x(4)?
1563
Let q(f) = 15*f**2 + 1009*f - 11759. What is q(11)?
1155
Let g(b) = 6646*b + 39887. What is g(-6)?
11
Let k(s) = -s**3 - 199*s**2 - 8181*s - 386. Determine k(-141).
37
Let v(m) = 2*m**3 + 5*m**2 - 108*m - 818. Determine v(9).
73
Let j(w) = 3966*w + 590943. Determine j(-149).
9
Let a(t) = 2*t**2 - 4*t + 1837. Give a(-47).
6443
Let q(d) = d**2 + 176*d - 55304. Calculate q(158).
-2532
Let t(c) = 2*c**2 - 453*c + 23649. Give t(145).
14
Let x(y) = -14*y**2 + 56*y + 328. What is x(-5)?
-302
Let h(b) = -222*b**2 + 2775*b - 1331. Give h(12).
1
Let x(w) = w**2 + 11046*w + 242537. Give x(-22).
9
Let z(s) = -17250*s + 34947. Determine z(2).
447
Let x(p) = -15241335*p + 15241332. Determine x(1).
-3
Let j(p) = -13218*p - 3106261. What is j(-235)?
-31
Let y(g) = -17390*g - 34784. Give y(-2).
-4
Let a(g) = 9*g**2 + 238*g - 2726. Determine a(-35).
-31
Let w(p) = -p**3 - 196*p**2 + 2148*p + 62110. What is w(-205)?
-5
Let x(l) = l**2 + 2792*l + 527961. Calculate x(-204).
9
Let c(k) = -261*k**2 + 30800*k - 259. Give c(118).
-23
Let k(p) = 1882*p**2 + 3768*p + 17. What is k(-2)?
9
Let j(m) = -m**3 - 163*m**2 - 3213*m + 16. Give j(-23).
-145
Let d(l) = l**3 - 306*l**2 - 68*l + 20830. Give d(306).
22
Let n(x) = 136*x**2 + 2181*x + 8. Determine n(-16).
-72
Let l(m) = 103128*m + 1650042. Give l(-16).
-6
Let g(t) = 305725*t - 1528636. Give g(5).
-11
Let y(r) = 104*r - 546. Give y(16).
1118
Let n(k) = 3373884*k - 6747759. What is n(2)?
9
Let q(b) = b**2 + 86*b - 308. Give q(-89).
-41
Let p(h) = h**3 - 15*h**2 + 45*h - 228. Calculate p(6).
-282
Let t(i) = -i**3 + 27*i**2 - 8*i - 2696. Calculate t(21).
-218
Let j(n) = 1148*n**2 - 362769*n + 302. What is j(316)?
-14
Let c(l) = -4*l**2 - 152*l - 296. What is c(-2)?
-8
Let n(v) = -631*v - 9690. Give n(-15).
-225
Let y(q) = 23732*q - 332218. Determine y(14).
30
Let t(v) = 2*v**2 + 3068*v - 15355. Give t(5).
35
Let m(h) = 14*h**2 - 757*h - 9454. Give m(-13).
2753
Let v(i) = -18*i**2 - 2795*i - 791. Determine v(-155).
-16
Let n(p) = -46147*p - 323203. What is n(-7)?
-174
Let t(u) = 3889*u - 126841. What is t(33)?
1496
Let k(h) = h**2 - 2118*h + 18986. What is k(9)?
5
Let p(b) = b**3 + 163*b**2 - 303*b + 4460. Give p(-165).
5
Let z(m) = 40*m**2 + 5270*m - 70547. Determine z(-144).
13
Let j(v) = -v**3 + 45*v**2 - 124*v + 5856. Give j(45).
276
Let w(d) = -d**3 + 1269*d**2 + 6366*d - 124. What is w(-5)?
-104
Let z(u) = -u**3 + 101*u**2 - 147*u - 5051. Give z(99).
-2
Let b(r) = -2*r**3 - 330*r**2 + 1123*r + 75988. Give b(-167).
3
Let k(j) = 1786*j + 25038. Determine k(-14).
34
Let u(z) = 2*z**3 - 183*z**2 - 1945*z + 2621. Determine u(101).
-5
Let f(k) = 21421*k + 7604464. What is f(-355)?
9
Let m(s) = -84*s**2 + 61982*s - 309911. Calculate m(5).
-2101
Let l(n) = -2*n**3 - 88*n**2 - 10*n - 226. Calculate l(-44).
214
Let b(a) = -36000*a - 1799980. What is b(-50)?
20
Let m(y) = -y**2 - 3925*y - 85881. What is m(-22)?
-15
Let q(o) = -184*o**2 - 31829*o + 389. What is q(-173